{"id":2237,"date":"2018-01-22T20:07:05","date_gmt":"2018-01-22T20:07:05","guid":{"rendered":"https:\/\/provive.mx\/?page_id=2237"},"modified":"2019-08-29T18:10:51","modified_gmt":"2019-08-29T18:10:51","slug":"casas-recuperadas-en-venta-casas-en-remate","status":"publish","type":"page","link":"https:\/\/provive.mx\/blog\/casas-recuperadas-en-venta-casas-en-remate\/","title":{"rendered":"Casas Recuperadas en Venta | Compra casa en Remate | Provive"},"content":{"rendered":"<p>[vc_row is_height=\u00bbyes\u00bb row_height=\u00bb980&#8243; section_templte=\u00bbfeatures-area2&#8243; zero_pt=\u00bb220px\u00bb zero_pb=\u00bb220px\u00bb is_row_overlay=\u00bboverlay\u00bb css=\u00bb.vc_custom_1544729769016{background-image: url(https:\/\/provive.mx\/wp-content\/uploads\/2018\/12\/casas-recuperadas-en-venta-casas-en-remate.jpg?id=3653) !important;background-position: center !important;background-repeat: no-repeat !important;background-size: cover !important;}\u00bb][vc_column width=\u00bb1\/1&#8243;][vc_row_inner inova_container_class=\u00bbcontainer\u00bb el_class=\u00bbcontent-h1-space-provive\u00bb][vc_column_inner width=\u00bb2\/3&#8243;][vc_empty_space height=\u00bb275px\u00bb el_class=\u00bbh1-space-provive\u00bb][vc_column_text css=\u00bb.vc_custom_1520380736118{padding-top: 25px !important;padding-right: 25px !important;padding-bottom: 25px !important;padding-left: 25px !important;background-color: #ffffff !important;}\u00bb]<\/p>\n<h1 class=\"h1-provive-page\"><span style=\"color: #3475bb;\">Provive cuenta con las mejores casas recuperadas en venta y casas en remate, seguras, renovadas y listas para habitar con todos los servicios.<\/span><\/h1>\n<p>[\/vc_column_text][vc_empty_space height=\u00bb40px\u00bb][vc_btn title=\u00bbCONOCE M\u00c1S\u00bb style=\u00bbcustom\u00bb custom_background=\u00bb#3475bb\u00bb custom_text=\u00bb#ffffff\u00bb align=\u00bbleft\u00bb link=\u00bburl:https%3A%2F%2Fprovive.mx%2Fcontactanos%2F|||\u00bb][\/vc_column_inner][vc_column_inner width=\u00bb1\/3&#8243;][\/vc_column_inner][\/vc_row_inner][\/vc_column][\/vc_row][vc_row section_templte=\u00bbfun-fact-area\u00bb css=\u00bb.vc_custom_1517536041116{background-color: #39b344 !important;background-position: center !important;background-repeat: no-repeat !important;background-size: cover !important;}\u00bb][vc_column width=\u00bb1\/1&#8243;][vc_row_inner inova_container_class=\u00bbcontainer\u00bb][vc_column_inner width=\u00bb1\/4&#8243;][inova_funfact_item funfact_counter=\u00bb9600&#8243; funfact_title=\u00bbViviendas rehabilitadas\u00bb][\/vc_column_inner][vc_column_inner width=\u00bb1\/4&#8243;][inova_funfact_item funfact_counter=\u00bb472&#8243; funfact_title=\u00bbViviendas disponibles\u00bb][\/vc_column_inner][vc_column_inner width=\u00bb1\/4&#8243;][inova_funfact_item funfact_counter=\u00bb22&#8243; funfact_title=\u00bbCiudades con presencia\u00bb][\/vc_column_inner][vc_column_inner width=\u00bb1\/4&#8243;][inova_funfact_item funfact_counter=\u00bb179&#8243; funfact_title=\u00bbColaboradores\u00bb][\/vc_column_inner][\/vc_row_inner][\/vc_column][\/vc_row][vc_row section_templte=\u00bbfeatures-area\u00bb features_pt=\u00bb220px\u00bb features_pb=\u00bb220px\u00bb css=\u00bb.vc_custom_1517284591982{background-color: #f8fafc !important;}\u00bb][vc_column width=\u00bb1\/1&#8243;][vc_row_inner inova_container_class=\u00bbcontainer\u00bb][vc_column_inner width=\u00bb1\/2&#8243;][inova_section_title title_type=\u00bbhalf_left\u00bb title_text=\u00bbPROVIVE: Comunidades que renacen\u00bb][vc_column_text]Somos una empresa de impacto social con sede en Tijuana, Baja California, que adquiere y repara <a title=\"Casas adjudicadas en Tijuana: Provive\" href=\"https:\/\/provive.mx\/casas-adjudicadas-traspasos-infonavit-provive\/\">casas adjudicadas en M\u00e9xico<\/a> en desarrollos habitacionales con el objetivo de <strong>crear comunidades fuertes y activas<\/strong>.[\/vc_column_text][vc_empty_space height=\u00bb22px\u00bb][vc_column_text]Comenzamos el cambio en comunidades con la rehabilitaci\u00f3n de una casa abandonada, para ser entregada a una familia. Despu\u00e9s de convertir la vivienda en hogar <a href=\"http:\/\/www.tumasyo.mx\/tumasyo\/\">Fundaci\u00f3n T\u00fa+Yo<\/a> permanece en comunidades donde fomentamos la cultura de la conservaci\u00f3n y mantenimiento. No s\u00f3lo <strong>rehabilitamos viviendas<\/strong>, nos quedamos cerca de ti en tu comunidad ofreciendo programas y asesor\u00eda de participaci\u00f3n vecinal.[\/vc_column_text][\/vc_column_inner][vc_column_inner width=\u00bb1\/2&#8243; offset=\u00bbvc_hidden-sm vc_hidden-xs\u00bb][inova_image_half_container full_height=\u00bb\u00bb single_image=\u00bb3657&#8243;][\/vc_column_inner][\/vc_row_inner][\/vc_column][\/vc_row][vc_row section_templte=\u00bbfeatures-area\u00bb features_pt=\u00bb220px\u00bb features_pb=\u00bb0px\u00bb][vc_column width=\u00bb1\/1&#8243;][vc_row_inner content_placement=\u00bbmiddle\u00bb inova_container_class=\u00bbcontainer\u00bb][vc_column_inner offset=\u00bbvc_col-md-6&#8243; css=\u00bb.vc_custom_1505883824993{padding-top: 0px !important;padding-right: 0px !important;padding-bottom: 0px !important;padding-left: 0px !important;}\u00bb][inova_image_half_container full_height=\u00bb\u00bb single_image=\u00bb3658&#8243;][\/vc_column_inner][vc_column_inner offset=\u00bbvc_col-md-6&#8243;][inova_section_title title_type=\u00bbhalf_left\u00bb title_text=\u00bbAdquiere con confianza\u00bb][vc_column_text el_class=\u00bbdiplay-none-provive-movile\u00bb]Provive no es una agencia de bienes ra\u00edces, tampoco una desarrolladora inmobiliaria, somos una empresa <strong>dedicada a la regeneraci\u00f3n de comunidades<\/strong>, ya que creemos firmemente en el desarrollo de las personas para el crecimiento en colaboraci\u00f3n mutua.[\/vc_column_text][vc_empty_space height=\u00bb22px\u00bb el_class=\u00bbdiplay-none-provive-movile\u00bb][vc_column_text]Proveemos viviendas dignas, <a title=\"Casas adjudicadas: Provive\" href=\"https:\/\/provive.mx\/\">casas adjudicadas<\/a> a costos justos, con planes de financiamiento accesibles <strong>con garant\u00edas \u00fanicas en el mercado<\/strong>, pero no nos limitamos solo a concretar una venta, nos quedamos a tu lado, para que juntos mantengamos espacios sanos para una vida digna.[\/vc_column_text][vc_empty_space height=\u00bb22px\u00bb][vc_column_text el_class=\u00bbfeatures-content\u00bb]Al invitar a tus amigos y conocidos a acercarse a nosotros, podr\u00e1s ganar hasta $19,000 pesos, con el programa <a title=\"Vive Ganando con Provive\" href=\"https:\/\/provive.mx\/credito-fovissste-casas-adjudicadas-infonavit-en-mexico\/\">Vive Ganando<\/a>.[\/vc_column_text][vc_empty_space height=\u00bb19px\u00bb][vc_btn title=\u00bbCON\u00d3CENOS\u00bb style=\u00bbcustom\u00bb custom_background=\u00bb#3475bb\u00bb custom_text=\u00bb#ffffff\u00bb link=\u00bburl:https%3A%2F%2Fprovive.mx%2Fcasas-recuperadas-en-venta-casas-en-remate%2F|title:CON%C3%93CENOS||\u00bb][\/vc_column_inner][\/vc_row_inner][\/vc_column][\/vc_row][vc_row section_templte=\u00bbfeatures-area\u00bb features_pt=\u00bb0px\u00bb features_pb=\u00bb220px\u00bb][vc_column width=\u00bb1\/1&#8243;][vc_row_inner content_placement=\u00bbmiddle\u00bb inova_container_class=\u00bbcontainer\u00bb][vc_column_inner offset=\u00bbvc_col-md-6&#8243;][vc_empty_space height=\u00bb125px\u00bb el_class=\u00bb.item-space-content-provie-3&#8243;][inova_section_title title_type=\u00bbhalf_left\u00bb title_text=\u00bbSocialmente responsable\u00bb][vc_column_text]<\/p>\n<p>\u00bfTe imaginas ser el \u00fanico habitante de toda una manzana de casas abandonadas? \u00bfabandonar\u00edas tu hogar y todo lo que te ha costado? Esta es la realidad de muchas familias.<\/p>\n<p>[\/vc_column_text][vc_empty_space height=\u00bb22px\u00bb][vc_column_text]Nosotros no solo tenemos <a title=\"Casas en venta en Tijuana\" href=\"https:\/\/provive.mx\/casas-en-venta-venta-de-casas-provive\/\">casas en venta<\/a> para las familias, tambi\u00e9n <strong>rehabilitamos comunidades enteras<\/strong>, nos convertimos en fuente de empleo y bienestar, expandi\u00e9ndonos por el pa\u00eds, gracias a tu confianza y voluntad para mejorar la calidad de vida.[\/vc_column_text][vc_empty_space height=\u00bb22px\u00bb][\/vc_column_inner][vc_column_inner offset=\u00bbvc_col-md-6&#8243; css=\u00bb.vc_custom_1505883837360{padding-top: 0px !important;padding-right: 0px !important;padding-bottom: 0px !important;padding-left: 0px !important;}\u00bb][inova_image_half_container full_height=\u00bb\u00bb single_image=\u00bb3660&#8243;][\/vc_column_inner][\/vc_row_inner][\/vc_column][\/vc_row][vc_row section_templte=\u00bbpower-features\u00bb power_feature_pt=\u00bb125px\u00bb power_feature_pb=\u00bb100px\u00bb css=\u00bb.vc_custom_1544731947387{background-color: #f8fafc !important;background-position: center !important;background-repeat: no-repeat !important;background-size: cover !important;}\u00bb][vc_column width=\u00bb1\/1&#8243;][vc_single_image image=\u00bb3663&#8243; img_size=\u00bbfull\u00bb alignment=\u00bbcenter\u00bb][vc_empty_space height=\u00bb75px\u00bb][inova_section_title title_text=\u00bbVentajas Provive\u00bb][inova_section_subtitle subtitle_text=\u00bbCon miles de familias en espera de poder adquirir su propia casa y miles de casas abandonadas. La soluci\u00f3n parec\u00eda obvia, alguien tenia que hacerlo.\u00bb][vc_row_inner inova_container_class=\u00bbcontainer\u00bb][vc_column_inner width=\u00bb1\/3&#8243;][vc_column_text el_class=\u00bbfeatures-content\u00bb]<span class=\"azul\">\u00bb <\/span><em>Precios accesibles y planes de recompensas en nuestras casas recuperadas en venta<\/em>[\/vc_column_text][\/vc_column_inner][vc_column_inner width=\u00bb1\/3&#8243;][vc_column_text el_class=\u00bbfeatures-content\u00bb]<span class=\"azul\">\u00bb <\/span><em>Empresa s\u00f3lida en crecimiento a nivel nacional<\/em>[\/vc_column_text][\/vc_column_inner][vc_column_inner width=\u00bb1\/3&#8243;][vc_column_text el_class=\u00bbfeatures-content\u00bb]<span class=\"azul\">\u00bb <\/span><em>Te entregamos <strong>tu casa lista para mudarte<\/strong><\/em>[\/vc_column_text][\/vc_column_inner][\/vc_row_inner][vc_row_inner inova_container_class=\u00bbcontainer\u00bb][vc_column_inner width=\u00bb1\/3&#8243;][vc_column_text el_class=\u00bbfeatures-content\u00bb]<span class=\"azul\">\u00bb <\/span><em>Fomentamos la unidad vecinal mediante juntas peri\u00f3dicas<\/em>[\/vc_column_text][\/vc_column_inner][vc_column_inner width=\u00bb1\/3&#8243;][vc_column_text el_class=\u00bbfeatures-content\u00bb]<span class=\"azul\">\u00bb <\/span><em><strong>Garant\u00eda \u00fanica en el mercado<\/strong> de viviendas recuperadas o casas recuperadas en venta<\/em>[\/vc_column_text][\/vc_column_inner][vc_column_inner width=\u00bb1\/3&#8243;][vc_column_text el_class=\u00bbfeatures-content\u00bb]<span class=\"azul\">\u00bb <\/span><em>Ubicaciones disponibles en distintos puntos de la ciudad<\/em>[\/vc_column_text][\/vc_column_inner][\/vc_row_inner][vc_row_inner inova_container_class=\u00bbcontainer\u00bb][vc_column_inner width=\u00bb1\/3&#8243;][vc_column_text el_class=\u00bbfeatures-content\u00bb]<span class=\"azul\">\u00bb <\/span><em>Ofrecemos <strong>distintos planes de financiamiento<\/strong>, siempre con tr\u00e1mites seguros y f\u00e1ciles de completar<\/em>[\/vc_column_text][\/vc_column_inner][vc_column_inner width=\u00bb1\/3&#8243;][vc_column_text el_class=\u00bbfeatures-content\u00bb]<span class=\"azul\">\u00bb <\/span><em>No solo concretamos ventas, nos quedamos cerca de ti para conservar y generar plusval\u00eda<\/em>[\/vc_column_text][\/vc_column_inner][vc_column_inner width=\u00bb1\/3&#8243;][\/vc_column_inner][\/vc_row_inner][\/vc_column][\/vc_row][vc_row section_templte=\u00bbfeatures-area\u00bb][vc_column width=\u00bb1\/1&#8243;][vc_row_inner inova_container_class=\u00bbcontainer\u00bb][vc_column_inner width=\u00bb1\/2&#8243;][inova_image_half_container full_height=\u00bb\u00bb single_image=\u00bb3665&#8243;][\/vc_column_inner][vc_column_inner width=\u00bb1\/2&#8243;][inova_section_title title_type=\u00bbhalf_left\u00bb title_text=\u00bbReconocimientos\u00bb][inova_section_subtitle subtitle_type=\u00bbhalf_left\u00bb subtitle_text=\u00bbGracias a tu confianza y tu trabajo en conjunto, hemos sido galardonados y reconocidos a nivel mundial. \u00ab][vc_column_text css=\u00bb.vc_custom_1517442917698{margin-right: 90px !important;}\u00bb el_class=\u00bbfeatures-content\u00bb]<span class=\"verde\">\u00bb <\/span><em>1er lugar en categor\u00eda <a href=\"https:\/\/30promesas.com\/2017\/30promesas\/provive.html\" target=\"_blank\" rel=\"noopener noreferrer\">Empresas de alto desempe\u00f1o<\/a>, en las 30 promesas de negocios Forbes 2017.<\/em>[\/vc_column_text][vc_column_text css=\u00bb.vc_custom_1517443241128{margin-right: 90px !important;}\u00bb el_class=\u00bbfeatures-content\u00bb]<span class=\"verde\">\u00bb <\/span><em>Primera empresa <a href=\"http:\/\/www.frontera.info\/EdicionEnLinea\/Notas\/Noticias\/18122014\/921963-Empresa-es-seleccionada-como-incubadora-de-emprendedores.html\" target=\"_blank\" rel=\"noopener noreferrer\">Endeavor Global en Baja California<\/a> 2014.<\/em>[\/vc_column_text][vc_column_text css=\u00bb.vc_custom_1516821210851{margin-right: 90px !important;}\u00bb el_class=\u00bbfeatures-content\u00bb]<span class=\"verde\">\u00bb <\/span><em>Panelistas del foro global para el desarrollo urbano en Medell\u00edn 2014.<\/em>[\/vc_column_text][vc_column_text css=\u00bb.vc_custom_1516821215771{margin-right: 90px !important;}\u00bb el_class=\u00bbfeatures-content\u00bb]<span class=\"verde\">\u00bb <\/span><em>Reconocimiento del instituto franc\u00e9s para el desarrollo 2014.<\/em>[\/vc_column_text][vc_column_text css=\u00bb.vc_custom_1516821221752{margin-right: 90px !important;}\u00bb el_class=\u00bbfeatures-content\u00bb]<span class=\"verde\">\u00bb <\/span><em>Empresa Expansi\u00f3n 2013.<\/em>[\/vc_column_text][\/vc_column_inner][\/vc_row_inner][\/vc_column][\/vc_row][vc_row section_templte=\u00bbfun-fact-area\u00bb is_row_overlay=\u00bboverlay\u00bb row_gradient_type=\u00bblinear\u00bb row_linear_gradient_angle=\u00bb-15&#8243; row_bg_image=\u00bb1143&#8243;][vc_column width=\u00bb1\/1&#8243;][vc_row_inner inova_container_class=\u00bbcontainer\u00bb][vc_column_inner offset=\u00bbvc_col-md-8&#8243;][vc_column_text css=\u00bb.vc_custom_1520382078890{margin-left: 90px !important;}\u00bb]<\/p>\n<h3 class=\"h3-provive-seccion\" style=\"text-align: left;\"><span style=\"color: #ffffff;\"><span style=\"font-weight: 400;\">M\u00e1s que casas recuperadas a precios accesibles, te ofrecemos un plan de vida donde podr\u00e1s ser parte de una comunidad sana para tu familia.<\/span><\/span><\/h3>\n<p>[\/vc_column_text][\/vc_column_inner][vc_column_inner offset=\u00bbvc_col-md-4&#8243;][vc_btn title=\u00bbCONOCE M\u00c1S\u00bb style=\u00bbcustom\u00bb custom_background=\u00bb#39b344&#8243; custom_text=\u00bb#ffffff\u00bb inova_vc_btn_pr=\u00bb70px\u00bb inova_vc_btn_pl=\u00bb70px\u00bb link=\u00bburl:http%3A%2F%2Fwww.tumasyo.mx%2Ftumasyo%2F|title:Tu%20mas%20yo||\u00bb][\/vc_column_inner][\/vc_row_inner][\/vc_column][\/vc_row][vc_row section_templte=\u00bbclients-logo-section-area\u00bb][vc_column width=\u00bb1\/1&#8243;][vc_row_inner inova_container_class=\u00bbcontainer\u00bb][vc_column_inner][vc_empty_space height=\u00bb25px\u00bb][inova_section_title title_type=\u00bbhalf_left\u00bb title_text=\u00bbPreguntas frecuentes\u00bb][inova_accrodions inova_accordions=\u00bb%5B%7B%22accordion_title%22%3A%22%C2%BFQu%C3%A9%20es%20una%20casa%20adjudicada%3F%22%2C%22accordion_detail%22%3A%22Las%20casas%20adjudicadas%20son%20producto%20del%20acto%20judicial%20que%20consiste%20en%20la%20apropiaci%C3%B3n%20de%20un%20bien%20inmueble.%20Dicho%20acto%20ocurre%20a%20trav%C3%A9s%20de%20una%20subasta%20o%20remate%2C%20licitaci%C3%B3n%20o%20partici%C3%B3n%20hereditaria.%5Cn%22%7D%2C%7B%22accordion_title%22%3A%22%C2%BFPor%20qu%C3%A9%20adquirir%20una%20casa%20adjudicada%20con%20Provive%3F%22%2C%22accordion_detail%22%3A%22Las%20casas%20adjudicadas%20son%20de%2020%20a%2030%25%20m%C3%A1s%20econ%C3%B3micas%20que%20la%20vivienda%20nueva.%20Adem%C3%A1s%20del%20ahorro%20a%20tu%20econom%C3%ADa%2C%20te%20ofrecemos%20seguridad%20al%20brindarte%20la%20Garant%C3%ADa%20Provive%2C%20tal%20y%20como%20si%20adquirieras%20una%20vivienda%20nueva.%20%5Cn%22%7D%2C%7B%22accordion_title%22%3A%22%C2%BFQu%C3%A9%20tan%20seguro%20es%20adquirir%20una%20vivienda%20Provive%3F%22%2C%22accordion_detail%22%3A%22Estamos%20muy%20comprometidos%20en%20tu%20plena%20satisfacci%C3%B3n%20siendo%20parte%20del%20cambio%20en%20la%20regeneraci%C3%B3n%20urbana%20de%20tu%20ciudad.%20Tenemos%20la%20visi%C3%B3n%20de%20crear%20comunidades%20fuertes%20y%20activas.%20Adem%C3%A1s%2C%20al%20adquirir%20tu%20vivienda%20te%20brindamos%20protecci%C3%B3n%20con%20Garant%C3%ADas%20Provive%20de%20hasta%20un%20a%C3%B1o.%20%5Cn%22%7D%2C%7B%22accordion_title%22%3A%22%C2%BFC%C3%B3mo%20compro%20una%20casa%20con%20Provive%3F%22%2C%22accordion_detail%22%3A%22Ll%C3%A1manos%20para%20que%20un%20agente%20te%20oriente%20y%20te%20agende%20una%20cita%20con%20nuestros%20asesores.%20%5CnTijuana%3A%20478%200078%2C%20Ciudad%20Juarez%3A%20389%200000%2C%20M%C3%A9xicali%3A%20220%207979%2C%20Hermosillo%3A%20800%201717%20%5CnO%20d%C3%A9janos%20tus%20datos%20en%20el%20siguiente%20enlace%20y%20nos%20comunicaremos%20en%20la%20brevedad%20posible%20http%3A%2F%2Fprovive.mx%2Fes%2Fcontacto%2F%20%5Cn%22%7D%2C%7B%22accordion_title%22%3A%22%C2%BFEn%20d%C3%B3nde%20se%20encuentran%20las%20casas%20Provive%3F%20%22%2C%22accordion_detail%22%3A%22Tenemos%20amplio%20inventario%20de%20las%20ciudades%20de%20Tijuana%2C%20Mexicali%2C%20Hermosillo%2C%20y%20Ciudad%20Ju%C3%A1rez.%20Constantemente%20contamos%20con%20nuevas%20adquisiciones%2C%20consulta%20nuestro%20cat%C3%A1logo%20para%20conocer%20nuestras%20adquisiciones%20%C2%A1Pregunta%20por%20la%20que%20m%C3%A1s%20se%20adapte%20a%20tus%20requerimientos!%5Cn%22%7D%5D\u00bb accordion_css=\u00bb.vc_custom_1520373771281{margin-top: 0px !important;}\u00bb][\/vc_column_inner][\/vc_row_inner][\/vc_column][\/vc_row][vc_row css=\u00bb.vc_custom_1520377779864{padding-bottom: 120px !important;}\u00bb][vc_column width=\u00bb1\/1&#8243;][inova_section_title title_text=\u00bbEmpresas que conf\u00edan en PROVIVE\u00bb][inova_section_subtitle subtitle_text=\u00bbA lo largo de m\u00e1s de 6 a\u00f1os de actividad, Provive ha logrado ganar la confianza de distintas empresas de \u00e1mbito nacional de sectores de todo tipo. Aqu\u00ed algunas de ellas.\u00bb][vc_row_inner inova_container_class=\u00bbcontainer\u00bb][vc_column_inner][inova_trusted_client_slider trusted_client_sliders=\u00bb%5B%7B%22client_logo_image%22%3A%222453%22%7D%2C%7B%22client_logo_image%22%3A%223670%22%7D%2C%7B%22client_logo_image%22%3A%222454%22%7D%2C%7B%22client_logo_image%22%3A%222455%22%7D%2C%7B%22client_logo_image%22%3A%223672%22%7D%2C%7B%22client_logo_image%22%3A%222456%22%7D%2C%7B%22client_logo_image%22%3A%222458%22%7D%2C%7B%22client_logo_image%22%3A%223671%22%7D%2C%7B%22client_logo_image%22%3A%222451%22%7D%2C%7B%22client_logo_image%22%3A%222470%22%7D%5D\u00bb][\/vc_column_inner][\/vc_row_inner][\/vc_column][\/vc_row]<\/p>\n","protected":false},"excerpt":{"rendered":"<p>[vc_row is_height=\u00bbyes\u00bb row_height=\u00bb980&#8243; section_templte=\u00bbfeatures-area2&#8243; zero_pt=\u00bb220px\u00bb zero_pb=\u00bb220px\u00bb is_row_overlay=\u00bboverlay\u00bb css=\u00bb.vc_custom_1544729769016{background-image: url(https:\/\/provive.mx\/wp-content\/uploads\/2018\/12\/casas-recuperadas-en-venta-casas-en-remate.jpg?id=3653) !important;background-position: center !important;background-repeat: no-repeat !important;background-size: cover !important;}\u00bb][vc_column width=\u00bb1\/1&#8243;][vc_row_inner inova_container_class=\u00bbcontainer\u00bb el_class=\u00bbcontent-h1-space-provive\u00bb][vc_column_inner width=\u00bb2\/3&#8243;][vc_empty_space height=\u00bb275px\u00bb el_class=\u00bbh1-space-provive\u00bb][vc_column_text css=\u00bb.vc_custom_1520380736118{padding-top: 25px !important;padding-right: 25px !important;padding-bottom: 25px !important;padding-left: 25px !important;background-color: #ffffff !important;}\u00bb] Provive cuenta con las mejores casas recuperadas en venta y casas en remate, seguras, renovadas y listas para habitar con todos los [&hellip;]<\/p>\n","protected":false},"author":7,"featured_media":0,"parent":0,"menu_order":0,"comment_status":"closed","ping_status":"closed","template":"page-homepage.php","meta":{"_et_pb_use_builder":"","_et_pb_old_content":"","_et_gb_content_width":""},"yoast_head":"<!-- This site is optimized with the Yoast SEO plugin v14.6.1 - https:\/\/yoast.com\/wordpress\/plugins\/seo\/ -->\n<title>Casas Recuperadas en Venta | Compra casa en Remate | Provive<\/title>\n<meta name=\"description\" content=\"Provive cuenta con las mejores casas recuperadas en venta y casas en remate en M\u00e9xico, seguras, renovadas y listas para habitar con todos los servicios.\" \/>\n<meta name=\"robots\" content=\"index, follow\" \/>\n<meta name=\"googlebot\" content=\"index, follow, max-snippet:-1, max-image-preview:large, max-video-preview:-1\" \/>\n<meta name=\"bingbot\" content=\"index, follow, max-snippet:-1, max-image-preview:large, max-video-preview:-1\" \/>\n<link rel=\"canonical\" href=\"https:\/\/provive.mx\/casas-recuperadas-en-venta-casas-en-remate\/\" \/>\n<meta property=\"og:locale\" content=\"es_ES\" \/>\n<meta property=\"og:type\" content=\"article\" \/>\n<meta property=\"og:title\" content=\"Casas Recuperadas en Venta | Compra casa en Remate | Provive\" \/>\n<meta property=\"og:description\" content=\"Provive cuenta con las mejores casas recuperadas en venta y casas en remate en M\u00e9xico, seguras, renovadas y listas para habitar con todos los servicios.\" \/>\n<meta property=\"og:url\" content=\"https:\/\/provive.mx\/casas-recuperadas-en-venta-casas-en-remate\/\" \/>\n<meta property=\"og:site_name\" content=\"Casas Adjudicadas | Casas en Venta | Tijuana | Provive\" \/>\n<meta property=\"article:modified_time\" content=\"2019-08-29T18:10:51+00:00\" \/>\n<meta name=\"twitter:card\" content=\"summary_large_image\" \/>\n<script type=\"application\/ld+json\" class=\"yoast-schema-graph\">{\"@context\":\"https:\/\/schema.org\",\"@graph\":[{\"@type\":\"WebSite\",\"@id\":\"https:\/\/provive.mx\/blog\/#website\",\"url\":\"https:\/\/provive.mx\/blog\/\",\"name\":\"Casas Adjudicadas | Casas en Venta | Tijuana | Provive\",\"description\":\"Las casas adjudicadas o casas en venta que Provive tiene para ti en M\\u00e9xico, se entregan renovadas, seguras, y con una garant\\u00eda \\u00fanica por vicios ocultos.\",\"potentialAction\":[{\"@type\":\"SearchAction\",\"target\":\"https:\/\/provive.mx\/blog\/?s={search_term_string}\",\"query-input\":\"required name=search_term_string\"}],\"inLanguage\":\"es\"},{\"@type\":\"WebPage\",\"@id\":\"https:\/\/provive.mx\/casas-recuperadas-en-venta-casas-en-remate\/#webpage\",\"url\":\"https:\/\/provive.mx\/casas-recuperadas-en-venta-casas-en-remate\/\",\"name\":\"Casas Recuperadas en Venta | Compra casa en Remate | Provive\",\"isPartOf\":{\"@id\":\"https:\/\/provive.mx\/blog\/#website\"},\"datePublished\":\"2018-01-22T20:07:05+00:00\",\"dateModified\":\"2019-08-29T18:10:51+00:00\",\"description\":\"Provive cuenta con las mejores casas recuperadas en venta y casas en remate en M\\u00e9xico, seguras, renovadas y listas para habitar con todos los servicios.\",\"inLanguage\":\"es\",\"potentialAction\":[{\"@type\":\"ReadAction\",\"target\":[\"https:\/\/provive.mx\/casas-recuperadas-en-venta-casas-en-remate\/\"]}]}]}<\/script>\n<!-- \/ Yoast SEO plugin. -->","_links":{"self":[{"href":"https:\/\/provive.mx\/blog\/wp-json\/wp\/v2\/pages\/2237"}],"collection":[{"href":"https:\/\/provive.mx\/blog\/wp-json\/wp\/v2\/pages"}],"about":[{"href":"https:\/\/provive.mx\/blog\/wp-json\/wp\/v2\/types\/page"}],"author":[{"embeddable":true,"href":"https:\/\/provive.mx\/blog\/wp-json\/wp\/v2\/users\/7"}],"replies":[{"embeddable":true,"href":"https:\/\/provive.mx\/blog\/wp-json\/wp\/v2\/comments?post=2237"}],"version-history":[{"count":118,"href":"https:\/\/provive.mx\/blog\/wp-json\/wp\/v2\/pages\/2237\/revisions"}],"predecessor-version":[{"id":4198,"href":"https:\/\/provive.mx\/blog\/wp-json\/wp\/v2\/pages\/2237\/revisions\/4198"}],"wp:attachment":[{"href":"https:\/\/provive.mx\/blog\/wp-json\/wp\/v2\/media?parent=2237"}],"curies":[{"name":"wp","href":"https:\/\/api.w.org\/{rel}","templated":true}]}}