{"id":2571,"date":"2018-02-08T22:33:16","date_gmt":"2018-02-08T22:33:16","guid":{"rendered":"https:\/\/provive.mx\/?page_id=2571"},"modified":"2019-08-29T18:13:25","modified_gmt":"2019-08-29T18:13:25","slug":"venta-de-casas-en-hermosillo-casas-adjudicadas","status":"publish","type":"page","link":"https:\/\/provive.mx\/blog\/venta-de-casas-en-hermosillo-casas-adjudicadas\/","title":{"rendered":"Venta de casas en Hermosillo: Casas Adjudicadas y Baratas"},"content":{"rendered":"<p>[vc_row section_templte=\u00bbfeatures-area2&#8243; css=\u00bb.vc_custom_1519343230595{padding-top: 220px !important;padding-bottom: 220px !important;background-color: #f8fafc !important;}\u00bb el_class=\u00bb.item-space-content-provie-2&#8243;][vc_column width=\u00bb1\/1&#8243;][vc_row_inner inova_container_class=\u00bbcontainer\u00bb][vc_column_inner offset=\u00bbvc_hidden-md vc_hidden-sm vc_hidden-xs\u00bb][inova_raw_html]<iframe loading=\"lazy\" style=\"border: 0;\" src=\"https:\/\/provive.mx\/propiedades_geo_plaza.php?ciudad=sonora&amp;lat=29.6047466&amp;long=-109.8286607&amp;z=7\" width=\"100%\" height=\"600\" frameborder=\"0\" allowfullscreen=\"allowfullscreen\"><\/iframe>[\/inova_raw_html][\/vc_column_inner][\/vc_row_inner][vc_row_inner inova_container_class=\u00bbcontainer\u00bb][vc_column_inner][vc_column_text]<\/p>\n<h1>Provive ofrece en su gran venta de casas en Hermosillo propiedades remodeladas con todos los servicios, listas para habitar, seguras y garantizadas.<\/h1>\n<p>[\/vc_column_text][vc_empty_space height=\u00bb75px\u00bb][vc_btn title=\u00bbIR AL CAT\u00c1LOGO DE CASAS EN HERMOSILLO\u00bb style=\u00bbcustom\u00bb custom_background=\u00bb#39b344&#8243; custom_text=\u00bb#ffffff\u00bb inova_vc_btn_pr=\u00bb70px\u00bb inova_vc_btn_pl=\u00bb70px\u00bb link=\u00bburl:https%3A%2F%2Fprovive.mx%2Fcasas_provive_prototipos.php%3Fciudad%3DSonora|title:Ir%20al%20cat%C3%A1logo%20completo%20de%20casas%20en%20Hermosillo||\u00bb][\/vc_column_inner][\/vc_row_inner][\/vc_column][\/vc_row][vc_row section_templte=\u00bbfun-fact-area\u00bb css=\u00bb.vc_custom_1517536041116{background-color: #39b344 !important;background-position: center !important;background-repeat: no-repeat !important;background-size: cover !important;}\u00bb][vc_column width=\u00bb1\/1&#8243;][vc_row_inner inova_container_class=\u00bbcontainer\u00bb][vc_column_inner width=\u00bb1\/4&#8243;][inova_funfact_item funfact_counter=\u00bb9600&#8243; funfact_title=\u00bbViviendas rehabilitadas\u00bb][\/vc_column_inner][vc_column_inner width=\u00bb1\/4&#8243;][inova_funfact_item funfact_counter=\u00bb472&#8243; funfact_title=\u00bbViviendas disponibles\u00bb][\/vc_column_inner][vc_column_inner width=\u00bb1\/4&#8243;][inova_funfact_item funfact_counter=\u00bb22&#8243; funfact_title=\u00bbCiudades con presencia\u00bb][\/vc_column_inner][vc_column_inner width=\u00bb1\/4&#8243;][inova_funfact_item funfact_counter=\u00bb179&#8243; funfact_title=\u00bbColaboradores\u00bb][\/vc_column_inner][\/vc_row_inner][\/vc_column][\/vc_row][vc_row section_templte=\u00bbfeatures-area\u00bb features_pt=\u00bb220px\u00bb features_pb=\u00bb0px\u00bb css=\u00bb.vc_custom_1519343090269{padding-bottom: 220px !important;}\u00bb el_class=\u00bbitem-space-content-provie\u00bb][vc_column width=\u00bb1\/1&#8243;][vc_row_inner content_placement=\u00bbmiddle\u00bb inova_container_class=\u00bbcontainer\u00bb el_class=\u00bbitem-space-provie\u00bb][vc_column_inner el_class=\u00bbitem-space-provie\u00bb offset=\u00bbvc_col-md-6&#8243; css=\u00bb.vc_custom_1519343106317{padding-top: 0px !important;padding-right: 0px !important;padding-bottom: 0px !important;padding-left: 0px !important;}\u00bb][inova_image_half_container full_height=\u00bb\u00bb single_image=\u00bb3716&#8243;][\/vc_column_inner][vc_column_inner offset=\u00bbvc_col-md-6&#8243;][inova_section_title title_type=\u00bbhalf_left\u00bb title_text=\u00bb\u00bfPor qu\u00e9 adquirir una casa adjudicada en Hermosillo?\u00bb][vc_column_text el_class=\u00bbspace-movile-provive\u00bb]Adquirimos <strong>las mejores propiedades<\/strong> en distintas zonas de tu ciudad, por lo que siempre contaras con garant\u00eda <strong>Provive<\/strong>. Constantemente estamos en busca de nuevas propiedades en distintas \u00e1reas en las mejores ciudades del pa\u00eds.[\/vc_column_text][vc_empty_space height=\u00bb15px\u00bb][vc_column_text]Al d\u00eda contamos con una amplia cantidad de propiedades en <a title=\"Venta de casas en Tijuana\" href=\"https:\/\/provive.mx\/venta-de-casas-en-tijuana-casas-adjudicadas\">Tijuana<\/a>, <a title=\"Venta de casas en Mexicali\" href=\"https:\/\/provive.mx\/venta-de-casas-en-mexicali-casas-adjudicadas\/\">Mexicali<\/a>, <strong>Hermosillo<\/strong> y <a title=\"Venta de casas en Ciudad Ju\u00e1rez\" href=\"https:\/\/provive.mx\/venta-de-casas-en-ciudad-juarez-casas-adjudicadas\/\">Ciudad Ju\u00e1rez<\/a>, as\u00ed mismo, tenemos casas en otras ciudades del pa\u00eds, cont\u00e1ctanos hoy y te mostramos nuestro cat\u00e1logo completo.[\/vc_column_text][vc_empty_space height=\u00bb19px\u00bb][vc_btn title=\u00bbQUIERO MI CASA\u00bb style=\u00bbcustom\u00bb custom_background=\u00bb#3475bb\u00bb custom_text=\u00bb#ffffff\u00bb link=\u00bburl:https%3A%2F%2Fprovive.mx%2Fcontactanos%2F|title:Obtener%20mi%20casa%20con%20Provive||\u00bb][\/vc_column_inner][\/vc_row_inner][vc_row_inner el_class=\u00bb.h1-space-provive\u00bb][vc_column_inner][vc_empty_space height=\u00bb50px\u00bb el_class=\u00bb.h1-space-provive\u00bb][\/vc_column_inner][\/vc_row_inner][\/vc_column][\/vc_row][vc_row section_templte=\u00bbpower-features\u00bb power_feature_pt=\u00bb125px\u00bb power_feature_pb=\u00bb100px\u00bb][vc_column width=\u00bb1\/1&#8243;][vc_single_image image=\u00bb3686&#8243; img_size=\u00bbfull\u00bb alignment=\u00bbcenter\u00bb][vc_empty_space height=\u00bb75px\u00bb][inova_section_title title_text=\u00bbBeneficios de adquirir con Provive\u00bb][inova_section_subtitle subtitle_text=\u00bbBeneficios de adquirir propiedades en Hermosillo\u00bb][vc_row_inner inova_container_class=\u00bbcontainer\u00bb][vc_column_inner width=\u00bb1\/3&#8243;][vc_column_text el_class=\u00bbfeatures-content\u00bb]<span class=\"azul\">\u00bb <\/span><em>Precios accesibles y planes de recompensas<\/em>[\/vc_column_text][\/vc_column_inner][vc_column_inner width=\u00bb1\/3&#8243;][vc_column_text el_class=\u00bbfeatures-content\u00bb]<span class=\"azul\">\u00bb <\/span><em>Empresa s\u00f3lida en crecimiento a nivel nacional, ofrecemos venta de casas en Hermosillo<\/em>[\/vc_column_text][\/vc_column_inner][vc_column_inner width=\u00bb1\/3&#8243;][vc_column_text el_class=\u00bbfeatures-content\u00bb]<span class=\"azul\">\u00bb <\/span><em>Te entregamos <strong>tu casa lista para mudarte<\/strong><\/em>[\/vc_column_text][\/vc_column_inner][\/vc_row_inner][vc_row_inner inova_container_class=\u00bbcontainer\u00bb][vc_column_inner width=\u00bb1\/3&#8243;][vc_column_text el_class=\u00bbfeatures-content\u00bb]<span class=\"azul\">\u00bb <\/span><em>Fomentamos la unidad vecinal mediante juntas peri\u00f3dicas<\/em>[\/vc_column_text][\/vc_column_inner][vc_column_inner width=\u00bb1\/3&#8243;][vc_column_text el_class=\u00bbfeatures-content\u00bb]<span class=\"azul\">\u00bb <\/span><em><strong>Garant\u00eda \u00fanica en el mercado<\/strong> de viviendas recuperadas<\/em>[\/vc_column_text][\/vc_column_inner][vc_column_inner width=\u00bb1\/3&#8243;][vc_column_text el_class=\u00bbfeatures-content\u00bb]<span class=\"azul\">\u00bb <\/span><em>Ubicaciones disponibles en distintos puntos de la ciudad<\/em>[\/vc_column_text][\/vc_column_inner][\/vc_row_inner][vc_row_inner inova_container_class=\u00bbcontainer\u00bb][vc_column_inner width=\u00bb1\/3&#8243;][vc_column_text el_class=\u00bbfeatures-content\u00bb]<span class=\"azul\">\u00bb <\/span><em>Ofrecemos <strong>distintos planes de financiamiento<\/strong>, siempre con tr\u00e1mites seguros y f\u00e1ciles de completar<\/em>[\/vc_column_text][\/vc_column_inner][vc_column_inner width=\u00bb1\/3&#8243;][vc_column_text el_class=\u00bbfeatures-content\u00bb]<span class=\"azul\">\u00bb <\/span><em>No solo concretamos ventas, nos quedamos cerca de ti para conservar y generar plusval\u00eda<\/em>[\/vc_column_text][\/vc_column_inner][vc_column_inner width=\u00bb1\/3&#8243;][vc_btn title=\u00bbCONT\u00c1CTANOS HOY\u00bb style=\u00bbcustom\u00bb custom_background=\u00bb#39b344&#8243; custom_text=\u00bb#ffffff\u00bb inova_vc_btn_pr=\u00bb70px\u00bb inova_vc_btn_pl=\u00bb70px\u00bb link=\u00bburl:https%3A%2F%2Fprovive.mx%2Fcontactanos%2F|||\u00bb][\/vc_column_inner][\/vc_row_inner][\/vc_column][\/vc_row][vc_row section_templte=\u00bbfeatures-area\u00bb css=\u00bb.vc_custom_1505880928647{background-color: #f8fafc !important;}\u00bb][vc_column width=\u00bb1\/1&#8243;][vc_row_inner inova_container_class=\u00bbcontainer\u00bb][vc_column_inner][vc_empty_space height=\u00bb25px\u00bb][inova_section_title title_type=\u00bbhalf_left\u00bb title_text=\u00bbPreguntas frecuentes\u00bb][inova_accrodions inova_accordions=\u00bb%5B%7B%22accordion_title%22%3A%22%C2%BFPor%20qu%C3%A9%20adquirir%20una%20casa%20adjudicada%20con%20Provive%3F%22%2C%22accordion_detail%22%3A%22Las%20casas%20adjudicadas%20son%20de%2020%20a%2030%25%20m%C3%A1s%20econ%C3%B3micas%20que%20la%20vivienda%20nueva.%20Adem%C3%A1s%20del%20ahorro%20a%20tu%20econom%C3%ADa%20te%20ofrecemos%20seguridad%20al%20brindarte%20Garant%C3%ADa%20Provive%2C%20tal%20y%20como%20si%20adquirieras%20una%20vivienda%20nueva.%22%7D%2C%7B%22accordion_title%22%3A%22%C2%BFMediante%20qu%C3%A9%20cr%C3%A9dito%20puedo%20comprar%20mi%20casa%3F%22%2C%22accordion_detail%22%3A%22Te%20damos%20la%20facilidad%20de%20adquirir%20tu%20vivienda%20Provive%20mediante%20alguno%20de%20estos%20cr%C3%A9ditos%3A%20Infonavit%2C%20Fovisste%20o%20Hipotecario.%20%C2%A1Ac%C3%A9rcate%20con%20nosotros%20para%20conocer%20la%20forma%20que%20m%C3%A1s%20te%20convenga!%5Cn%22%7D%2C%7B%22accordion_title%22%3A%22%C2%BFQu%C3%A9%20es%20Garant%C3%ADa%20Provive%3F%22%2C%22accordion_detail%22%3A%22Las%20casas%20Provive%20son%20entregadas%20con%20una%20garant%C3%ADa%20%C3%BAnica%20en%20el%20mercado%20de%20viviendas%20recuperadas%2C%20pues%20te%20ofrece%20la%20certeza%20de%20que%20la%20casa%20que%20se%20te%20sea%20entregada%20ser%C3%A1%20segura%20y%20en%20condiciones%20%C3%B3ptimas%20interna%20y%20externamente.%5Cn%22%7D%2C%7B%22accordion_title%22%3A%22%C2%BFQu%C3%A9%20es%20Vive%20Ganando%3F%22%2C%22accordion_detail%22%3A%22Vive%20Ganando%20es%20un%20programa%20que%20incentiva%20a%20todas%20las%20personas%20que%20est%C3%A9n%20buscando%20un%20ingreso%20extra%2C%20que%20conf%C3%ADan%20en%20Provive%20y%20nos%20recomiendan%20con%20familiares%20y%20amigos%20interesados%20en%20adquirir%20un%20hogar.%5Cn%22%7D%2C%7B%22accordion_title%22%3A%22%C2%BFEn%20d%C3%B3nde%20se%20encuentran%20las%20casas%20Provive%3F%20%22%2C%22accordion_detail%22%3A%22Tenemos%20amplio%20inventario%20de%20las%20ciudades%20de%20Tijuana%2C%20Mexicali%2C%20Hermosillo%2C%20y%20Ciudad%20Ju%C3%A1rez.%20Constantemente%20contamos%20con%20nuevas%20adquisiciones%2C%20consulta%20nuestro%20cat%C3%A1logo%20para%20conocer%20nuestras%20adquisiciones%20%C2%A1Pregunta%20por%20la%20que%20m%C3%A1s%20se%20adapte%20a%20tus%20requerimientos!%5Cn%22%7D%5D\u00bb accordion_css=\u00bb.vc_custom_1520375012939{margin-top: 0px !important;}\u00bb][vc_empty_space height=\u00bb60px\u00bb][vc_btn title=\u00bbCONOCE M\u00c1S\u00bb style=\u00bbcustom\u00bb custom_background=\u00bb#3475bb\u00bb custom_text=\u00bb#ffffff\u00bb link=\u00bburl:https%3A%2F%2Fprovive.mx%2Fcontactanos%2F|||\u00bb][\/vc_column_inner][\/vc_row_inner][\/vc_column][\/vc_row][vc_row section_templte=\u00bbclients-logo-section-area\u00bb][vc_column width=\u00bb1\/1&#8243;][inova_section_title title_text=\u00bbEmpresas que conf\u00edan en PROVIVE\u00bb][inova_section_subtitle subtitle_text=\u00bbA lo largo de m\u00e1s de 6 a\u00f1os de actividad, Provive ha logrado ganar la confianza de distintas empresas de \u00e1mbito nacional de sectores de todo tipo. Aqu\u00ed algunas de ellas.\u00bb][vc_row_inner inova_container_class=\u00bbcontainer\u00bb][vc_column_inner][inova_trusted_client_slider trusted_client_sliders=\u00bb%5B%7B%22client_logo_image%22%3A%222453%22%7D%2C%7B%22client_logo_image%22%3A%222454%22%7D%2C%7B%22client_logo_image%22%3A%222455%22%7D%2C%7B%22client_logo_image%22%3A%222456%22%7D%2C%7B%22client_logo_image%22%3A%222458%22%7D%2C%7B%22client_logo_image%22%3A%222451%22%7D%2C%7B%22client_logo_image%22%3A%222470%22%7D%5D\u00bb][\/vc_column_inner][\/vc_row_inner][\/vc_column][\/vc_row]<\/p>\n","protected":false},"excerpt":{"rendered":"<p>[vc_row section_templte=\u00bbfeatures-area2&#8243; css=\u00bb.vc_custom_1519343230595{padding-top: 220px !important;padding-bottom: 220px !important;background-color: #f8fafc !important;}\u00bb el_class=\u00bb.item-space-content-provie-2&#8243;][vc_column width=\u00bb1\/1&#8243;][vc_row_inner inova_container_class=\u00bbcontainer\u00bb][vc_column_inner offset=\u00bbvc_hidden-md vc_hidden-sm vc_hidden-xs\u00bb][inova_raw_html][\/inova_raw_html][\/vc_column_inner][\/vc_row_inner][vc_row_inner inova_container_class=\u00bbcontainer\u00bb][vc_column_inner][vc_column_text] Provive ofrece en su gran venta de casas en Hermosillo propiedades remodeladas con todos los servicios, listas para habitar, seguras y garantizadas. [\/vc_column_text][vc_empty_space height=\u00bb75px\u00bb][vc_btn title=\u00bbIR AL CAT\u00c1LOGO DE CASAS EN HERMOSILLO\u00bb style=\u00bbcustom\u00bb custom_background=\u00bb#39b344&#8243; custom_text=\u00bb#ffffff\u00bb inova_vc_btn_pr=\u00bb70px\u00bb inova_vc_btn_pl=\u00bb70px\u00bb link=\u00bburl:https%3A%2F%2Fprovive.mx%2Fcasas_provive_prototipos.php%3Fciudad%3DSonora|title:Ir%20al%20cat%C3%A1logo%20completo%20de%20casas%20en%20Hermosillo||\u00bb][\/vc_column_inner][\/vc_row_inner][\/vc_column][\/vc_row][vc_row section_templte=\u00bbfun-fact-area\u00bb css=\u00bb.vc_custom_1517536041116{background-color: [&hellip;]<\/p>\n","protected":false},"author":7,"featured_media":0,"parent":0,"menu_order":0,"comment_status":"closed","ping_status":"closed","template":"page-homepage.php","meta":{"_et_pb_use_builder":"","_et_pb_old_content":"","_et_gb_content_width":""},"yoast_head":"<!-- This site is optimized with the Yoast SEO plugin v14.6.1 - https:\/\/yoast.com\/wordpress\/plugins\/seo\/ -->\n<title>Venta de casas en Hermosillo: Casas Adjudicadas y Baratas<\/title>\n<meta name=\"description\" content=\"Privive ofrece en su gran venta de casas en Hermosillo propiedades remodeladas con todos los servicios, listas para habitar, seguras y garantizadas.\" \/>\n<meta name=\"robots\" content=\"index, follow\" \/>\n<meta name=\"googlebot\" content=\"index, follow, max-snippet:-1, max-image-preview:large, max-video-preview:-1\" \/>\n<meta name=\"bingbot\" content=\"index, follow, max-snippet:-1, max-image-preview:large, max-video-preview:-1\" \/>\n<link rel=\"canonical\" href=\"https:\/\/provive.mx\/venta-de-casas-en-hermosillo-casas-adjudicadas\/\" \/>\n<meta property=\"og:locale\" content=\"es_ES\" \/>\n<meta property=\"og:type\" content=\"article\" \/>\n<meta property=\"og:title\" content=\"Venta de casas en Hermosillo: Casas Adjudicadas y Baratas\" \/>\n<meta property=\"og:description\" content=\"Privive ofrece en su gran venta de casas en Hermosillo propiedades remodeladas con todos los servicios, listas para habitar, seguras y garantizadas.\" \/>\n<meta property=\"og:url\" content=\"https:\/\/provive.mx\/venta-de-casas-en-hermosillo-casas-adjudicadas\/\" \/>\n<meta property=\"og:site_name\" content=\"Casas Adjudicadas | Casas en Venta | Tijuana | Provive\" \/>\n<meta property=\"article:modified_time\" content=\"2019-08-29T18:13:25+00:00\" \/>\n<meta name=\"twitter:card\" content=\"summary_large_image\" \/>\n<script type=\"application\/ld+json\" class=\"yoast-schema-graph\">{\"@context\":\"https:\/\/schema.org\",\"@graph\":[{\"@type\":\"WebSite\",\"@id\":\"https:\/\/provive.mx\/blog\/#website\",\"url\":\"https:\/\/provive.mx\/blog\/\",\"name\":\"Casas Adjudicadas | Casas en Venta | Tijuana | Provive\",\"description\":\"Las casas adjudicadas o casas en venta que Provive tiene para ti en M\\u00e9xico, se entregan renovadas, seguras, y con una garant\\u00eda \\u00fanica por vicios ocultos.\",\"potentialAction\":[{\"@type\":\"SearchAction\",\"target\":\"https:\/\/provive.mx\/blog\/?s={search_term_string}\",\"query-input\":\"required name=search_term_string\"}],\"inLanguage\":\"es\"},{\"@type\":\"WebPage\",\"@id\":\"https:\/\/provive.mx\/venta-de-casas-en-hermosillo-casas-adjudicadas\/#webpage\",\"url\":\"https:\/\/provive.mx\/venta-de-casas-en-hermosillo-casas-adjudicadas\/\",\"name\":\"Venta de casas en Hermosillo: Casas Adjudicadas y Baratas\",\"isPartOf\":{\"@id\":\"https:\/\/provive.mx\/blog\/#website\"},\"datePublished\":\"2018-02-08T22:33:16+00:00\",\"dateModified\":\"2019-08-29T18:13:25+00:00\",\"description\":\"Privive ofrece en su gran venta de casas en Hermosillo propiedades remodeladas con todos los servicios, listas para habitar, seguras y garantizadas.\",\"inLanguage\":\"es\",\"potentialAction\":[{\"@type\":\"ReadAction\",\"target\":[\"https:\/\/provive.mx\/venta-de-casas-en-hermosillo-casas-adjudicadas\/\"]}]}]}<\/script>\n<!-- \/ Yoast SEO plugin. -->","_links":{"self":[{"href":"https:\/\/provive.mx\/blog\/wp-json\/wp\/v2\/pages\/2571"}],"collection":[{"href":"https:\/\/provive.mx\/blog\/wp-json\/wp\/v2\/pages"}],"about":[{"href":"https:\/\/provive.mx\/blog\/wp-json\/wp\/v2\/types\/page"}],"author":[{"embeddable":true,"href":"https:\/\/provive.mx\/blog\/wp-json\/wp\/v2\/users\/7"}],"replies":[{"embeddable":true,"href":"https:\/\/provive.mx\/blog\/wp-json\/wp\/v2\/comments?post=2571"}],"version-history":[{"count":37,"href":"https:\/\/provive.mx\/blog\/wp-json\/wp\/v2\/pages\/2571\/revisions"}],"predecessor-version":[{"id":4200,"href":"https:\/\/provive.mx\/blog\/wp-json\/wp\/v2\/pages\/2571\/revisions\/4200"}],"wp:attachment":[{"href":"https:\/\/provive.mx\/blog\/wp-json\/wp\/v2\/media?parent=2571"}],"curies":[{"name":"wp","href":"https:\/\/api.w.org\/{rel}","templated":true}]}}