{"id":4273,"date":"2022-05-22T23:18:06","date_gmt":"2022-05-22T23:18:06","guid":{"rendered":"http:\/\/provive.mx\/blog\/?page_id=4273"},"modified":"2022-05-22T23:39:18","modified_gmt":"2022-05-22T23:39:18","slug":"blog-provive","status":"publish","type":"page","link":"https:\/\/provive.mx\/blog\/blog-provive\/","title":{"rendered":"Blog Provive"},"content":{"rendered":"<p>[et_pb_section fb_built=\u00bb1&#8243; _builder_version=\u00bb4.16&#8243; global_colors_info=\u00bb{}\u00bb][et_pb_row _builder_version=\u00bb4.17.4&#8243; _module_preset=\u00bbdefault\u00bb global_colors_info=\u00bb{}\u00bb column_structure=\u00bb3_4,1_4&#8243;][et_pb_column type=\u00bb3_4&#8243; _builder_version=\u00bb4.17.4&#8243; _module_preset=\u00bbdefault\u00bb global_colors_info=\u00bb{}\u00bb][et_pb_blog posts_number=\u00bb6&#8243; include_categories=\u00bball\u00bb show_more=\u00bbon\u00bb show_author=\u00bboff\u00bb show_categories=\u00bboff\u00bb _builder_version=\u00bb4.17.4&#8243; _module_preset=\u00bbdefault\u00bb hover_enabled=\u00bb0&#8243; global_colors_info=\u00bb{}\u00bb sticky_enabled=\u00bb0&#8243;][\/et_pb_blog][\/et_pb_column][et_pb_column type=\u00bb1_4&#8243; _builder_version=\u00bb4.17.4&#8243; _module_preset=\u00bbdefault\u00bb global_colors_info=\u00bb{}\u00bb][et_pb_sidebar _builder_version=\u00bb4.17.4&#8243; _module_preset=\u00bbdefault\u00bb hover_enabled=\u00bb0&#8243; sticky_enabled=\u00bb0&#8243;][\/et_pb_sidebar][\/et_pb_column][\/et_pb_row][\/et_pb_section]<\/p>\n","protected":false},"excerpt":{"rendered":"TU CREDITO HIPOTECARIO IDEAL Feb 12, 2025La elecci\u00f3n de tu primera vivienda siempre ser\u00e1 de los momentos m\u00e1s emocionantes de tu vida. Para la mayor\u00eda de las personas, el mayor desaf\u00edo es elegir el cr\u00e9dito hipotecario adecuado. Este es un paso clave que determinar\u00e1 el monto de tus pagos mensuales, si no que... leer m\u00e1s [...]","protected":false},"author":7,"featured_media":0,"parent":0,"menu_order":0,"comment_status":"closed","ping_status":"closed","template":"","meta":{"_et_pb_use_builder":"on","_et_pb_old_content":"<p>[vc_row][vc_column][\/vc_column][\/vc_row]<\/p>","_et_gb_content_width":""},"yoast_head":"<!-- This site is optimized with the Yoast SEO plugin v14.6.1 - https:\/\/yoast.com\/wordpress\/plugins\/seo\/ -->\n<title>Blog Provive<\/title>\n<meta name=\"robots\" content=\"index, follow\" \/>\n<meta name=\"googlebot\" content=\"index, follow, max-snippet:-1, max-image-preview:large, max-video-preview:-1\" \/>\n<meta name=\"bingbot\" content=\"index, follow, max-snippet:-1, max-image-preview:large, max-video-preview:-1\" \/>\n<link rel=\"canonical\" href=\"https:\/\/provive.mx\/blog\/blog-provive\/\" \/>\n<meta property=\"og:locale\" content=\"es_ES\" \/>\n<meta property=\"og:type\" content=\"article\" \/>\n<meta property=\"og:title\" content=\"Blog Provive\" \/>\n<meta property=\"og:url\" content=\"https:\/\/provive.mx\/blog\/blog-provive\/\" \/>\n<meta property=\"og:site_name\" content=\"Casas Adjudicadas | Casas en Venta | Tijuana | Provive\" \/>\n<meta property=\"article:modified_time\" content=\"2022-05-22T23:39:18+00:00\" \/>\n<meta name=\"twitter:card\" content=\"summary_large_image\" \/>\n<script type=\"application\/ld+json\" class=\"yoast-schema-graph\">{\"@context\":\"https:\/\/schema.org\",\"@graph\":[{\"@type\":\"WebSite\",\"@id\":\"https:\/\/provive.mx\/blog\/#website\",\"url\":\"https:\/\/provive.mx\/blog\/\",\"name\":\"Casas Adjudicadas | Casas en Venta | Tijuana | Provive\",\"description\":\"Las casas adjudicadas o casas en venta que Provive tiene para ti en M\\u00e9xico, se entregan renovadas, seguras, y con una garant\\u00eda \\u00fanica por vicios ocultos.\",\"potentialAction\":[{\"@type\":\"SearchAction\",\"target\":\"https:\/\/provive.mx\/blog\/?s={search_term_string}\",\"query-input\":\"required name=search_term_string\"}],\"inLanguage\":\"es\"},{\"@type\":\"WebPage\",\"@id\":\"https:\/\/provive.mx\/blog\/blog-provive\/#webpage\",\"url\":\"https:\/\/provive.mx\/blog\/blog-provive\/\",\"name\":\"Blog Provive\",\"isPartOf\":{\"@id\":\"https:\/\/provive.mx\/blog\/#website\"},\"datePublished\":\"2022-05-22T23:18:06+00:00\",\"dateModified\":\"2022-05-22T23:39:18+00:00\",\"inLanguage\":\"es\",\"potentialAction\":[{\"@type\":\"ReadAction\",\"target\":[\"https:\/\/provive.mx\/blog\/blog-provive\/\"]}]}]}<\/script>\n<!-- \/ Yoast SEO plugin. -->","_links":{"self":[{"href":"https:\/\/provive.mx\/blog\/wp-json\/wp\/v2\/pages\/4273"}],"collection":[{"href":"https:\/\/provive.mx\/blog\/wp-json\/wp\/v2\/pages"}],"about":[{"href":"https:\/\/provive.mx\/blog\/wp-json\/wp\/v2\/types\/page"}],"author":[{"embeddable":true,"href":"https:\/\/provive.mx\/blog\/wp-json\/wp\/v2\/users\/7"}],"replies":[{"embeddable":true,"href":"https:\/\/provive.mx\/blog\/wp-json\/wp\/v2\/comments?post=4273"}],"version-history":[{"count":5,"href":"https:\/\/provive.mx\/blog\/wp-json\/wp\/v2\/pages\/4273\/revisions"}],"predecessor-version":[{"id":4280,"href":"https:\/\/provive.mx\/blog\/wp-json\/wp\/v2\/pages\/4273\/revisions\/4280"}],"wp:attachment":[{"href":"https:\/\/provive.mx\/blog\/wp-json\/wp\/v2\/media?parent=4273"}],"curies":[{"name":"wp","href":"https:\/\/api.w.org\/{rel}","templated":true}]}}